{"id":59137,"date":"2025-05-07T15:32:43","date_gmt":"2025-05-07T15:32:43","guid":{"rendered":"https:\/\/www.macmillaneducation.es\/iberia\/?page_id=59137"},"modified":"2025-05-22T09:35:41","modified_gmt":"2025-05-22T09:35:41","slug":"formulario-sostenibilidad","status":"publish","type":"page","link":"https:\/\/www.macmillaneducation.es\/iberia\/formulario-sostenibilidad\/","title":{"rendered":"Formulario Sostenibilidad"},"content":{"rendered":"\t\t<div data-elementor-type=\"wp-page\" data-elementor-id=\"59137\" class=\"elementor elementor-59137\" data-elementor-settings=\"[]\">\n\t\t\t\t\t\t<div class=\"elementor-inner\">\n\t\t\t\t\t\t\t<div class=\"elementor-section-wrap\">\n\t\t\t\t\t\t\t<section class=\"elementor-section elementor-top-section elementor-element elementor-element-4d27571 elementor-section-height-min-height elementor-section-full_width elementor-section-height-default elementor-section-items-middle parallax_section_no qode_elementor_container_no\" data-id=\"4d27571\" data-element_type=\"section\">\n\t\t\t\t\t\t\t<div class=\"elementor-background-overlay\"><\/div>\n\t\t\t\t\t\t\t<div class=\"elementor-container elementor-column-gap-default\">\n\t\t\t\t\t\t\t<div class=\"elementor-row\">\n\t\t\t\t\t<div class=\"elementor-column elementor-col-100 elementor-top-column elementor-element elementor-element-53c5309\" data-id=\"53c5309\" data-element_type=\"column\">\n\t\t\t<div class=\"elementor-column-wrap\">\n\t\t\t\t\t\t\t<div class=\"elementor-widget-wrap\">\n\t\t\t\t\t\t\t\t<\/div>\n\t\t\t\t\t<\/div>\n\t\t<\/div>\n\t\t\t\t\t\t\t\t<\/div>\n\t\t\t\t\t<\/div>\n\t\t<\/section>\n\t\t\t\t<section class=\"elementor-section elementor-top-section elementor-element elementor-element-c750063 elementor-section-boxed elementor-section-height-default elementor-section-height-default parallax_section_no qode_elementor_container_no\" data-id=\"c750063\" data-element_type=\"section\">\n\t\t\t\t\t\t<div class=\"elementor-container elementor-column-gap-default\">\n\t\t\t\t\t\t\t<div class=\"elementor-row\">\n\t\t\t\t\t<div class=\"elementor-column elementor-col-100 elementor-top-column elementor-element elementor-element-c68a2db\" data-id=\"c68a2db\" data-element_type=\"column\">\n\t\t\t<div class=\"elementor-column-wrap elementor-element-populated\">\n\t\t\t\t\t\t\t<div class=\"elementor-widget-wrap\">\n\t\t\t\t\t\t<div class=\"elementor-element elementor-element-66dca0c elementor-widget elementor-widget-spacer\" data-id=\"66dca0c\" data-element_type=\"widget\" data-widget_type=\"spacer.default\">\n\t\t\t\t<div class=\"elementor-widget-container\">\n\t\t\t\t\t<div class=\"elementor-spacer\">\n\t\t\t<div class=\"elementor-spacer-inner\"><\/div>\n\t\t<\/div>\n\t\t\t\t<\/div>\n\t\t\t\t<\/div>\n\t\t\t\t\t\t<\/div>\n\t\t\t\t\t<\/div>\n\t\t<\/div>\n\t\t\t\t\t\t\t\t<\/div>\n\t\t\t\t\t<\/div>\n\t\t<\/section>\n\t\t\t\t<section class=\"elementor-section elementor-top-section elementor-element elementor-element-56d9081 elementor-section-content-top elementor-section-boxed elementor-section-height-default elementor-section-height-default parallax_section_no qode_elementor_container_no elementor-invisible\" data-id=\"56d9081\" data-element_type=\"section\" data-settings=\"{&quot;animation&quot;:&quot;fadeIn&quot;}\">\n\t\t\t\t\t\t\t<div class=\"elementor-background-overlay\"><\/div>\n\t\t\t\t\t\t\t<div class=\"elementor-container elementor-column-gap-default\">\n\t\t\t\t\t\t\t<div class=\"elementor-row\">\n\t\t\t\t\t<section class=\"elementor-column elementor-col-50 elementor-top-column elementor-element elementor-element-3a36402\" data-id=\"3a36402\" data-element_type=\"column\" data-settings=\"{&quot;background_background&quot;:&quot;classic&quot;}\">\n\t\t\t<div class=\"elementor-column-wrap elementor-element-populated\">\n\t\t\t\t\t\t\t<div class=\"elementor-widget-wrap\">\n\t\t\t\t\t\t<section class=\"elementor-section elementor-inner-section elementor-element elementor-element-f81e633 elementor-section-boxed elementor-section-height-default elementor-section-height-default parallax_section_no qode_elementor_container_no\" data-id=\"f81e633\" data-element_type=\"section\" data-settings=\"{&quot;background_background&quot;:&quot;classic&quot;}\">\n\t\t\t\t\t\t<div class=\"elementor-container elementor-column-gap-default\">\n\t\t\t\t\t\t\t<div class=\"elementor-row\">\n\t\t\t\t\t<div class=\"elementor-column elementor-col-100 elementor-inner-column elementor-element elementor-element-9ff84f5\" data-id=\"9ff84f5\" data-element_type=\"column\">\n\t\t\t<div class=\"elementor-column-wrap elementor-element-populated\">\n\t\t\t\t\t\t\t<div class=\"elementor-widget-wrap\">\n\t\t\t\t\t\t<div class=\"elementor-element elementor-element-e42437e elementor-widget elementor-widget-text-editor\" data-id=\"e42437e\" data-element_type=\"widget\" data-settings=\"{&quot;_animation&quot;:&quot;none&quot;}\" data-widget_type=\"text-editor.default\">\n\t\t\t\t<div class=\"elementor-widget-container\">\n\t\t\t\t\t\t\t\t<div class=\"elementor-text-editor elementor-clearfix\">\n\t\t\t\t\t<div style=\"text-align: center;\">\n<p style=\"color: #333333; font-size: 33px; text-align: left;\"><strong><span style=\"color: #333333;\">\u00bfEres profe de sostenibilidad?<\/span><\/strong><\/p>\n<\/div>\t\t\t\t\t<\/div>\n\t\t\t\t\t\t<\/div>\n\t\t\t\t<\/div>\n\t\t\t\t<div class=\"elementor-element elementor-element-fd82a24 elementor-widget elementor-widget-text-editor\" data-id=\"fd82a24\" data-element_type=\"widget\" data-widget_type=\"text-editor.default\">\n\t\t\t\t<div class=\"elementor-widget-container\">\n\t\t\t\t\t\t\t\t<div class=\"elementor-text-editor elementor-clearfix\">\n\t\t\t\t\t<div style=\"text-align: center;\"><p style=\"color: #333333; font-size: 29px; text-align: left;\"><span style=\"color: #333333;\"><strong style=\"font-family: 'Museo Sans', sans-serif; font-size: 25px;\">\u00a1Esto te interesa!<\/strong><\/span><\/p><\/div>\t\t\t\t\t<\/div>\n\t\t\t\t\t\t<\/div>\n\t\t\t\t<\/div>\n\t\t\t\t<div class=\"elementor-element elementor-element-f30c506 elementor-widget elementor-widget-text-editor\" data-id=\"f30c506\" data-element_type=\"widget\" data-widget_type=\"text-editor.default\">\n\t\t\t\t<div class=\"elementor-widget-container\">\n\t\t\t\t\t\t\t\t<div class=\"elementor-text-editor elementor-clearfix\">\n\t\t\t\t\t<p style=\"text-align: left;\">\n  <span style=\"color: #333333;\" data-teams=\"true\">\n    Transforma la ense\u00f1anza de la sostenibilidad en tu centro educativo con este m\u00f3dulo \u00fanico que pone en pr\u00e1ctica los conceptos de manera real y cercana al alumnado, inspir\u00e1ndoles a convertirse en\u00a0\n  <\/span>\n  <span style=\"color: #333333;\">verdaderos agentes de cambio.<\/span>\n<\/p>\n<br>\n<p style=\"text-align: left;\">\n  <span style=\"color: #333333;\"><b>Descarga una muestra gratis y dale un nuevo enfoque a tus clases :<\/b><\/span>\n<\/p>\n\n\n<div style=\"height: 15px;\"><\/div>\n\n<ul style=\"list-style: none; padding-left: 0; text-align: left; color: #333333;\">\n  <li style=\"display: flex; align-items: flex-start; margin-bottom: 10px;\">\n    <span style=\"margin-right: 8px;\">\u2705<\/span>\n    <span>Ejemplos de <b>empresas reales<\/b> que apuestan por la sostenibilidad<\/span>\n  <\/li>\n  <li style=\"display: flex; align-items: flex-start; margin-bottom: 10px;\">\n    <span style=\"margin-right: 8px;\">\u2705<\/span>\n    <span>Actividades finales como <i>Act\u00faa<\/i>, <i>A debate<\/i> y <i>Cartelera<\/i> para llevar la sostenibilidad al d\u00eda a d\u00eda de tus estudiantes<\/span>\n  <\/li>\n  <li style=\"display: flex; align-items: flex-start;\">\n    <span style=\"margin-right: 8px;\">\u2705<\/span>\n    <span>Acceso a v\u00eddeos, documentales y enlaces que enriquecen cada unidad<\/span>\n  <\/li>\n<\/ul>\n\n<br>\n<p style=\"text-align: left; line-height: 25px;\">\n  <strong><span style=\"color: #333333;\">Rellena el formulario para recibir un email con acceso a la descarga.<\/span><\/strong>\n<\/p>\t\t\t\t\t<\/div>\n\t\t\t\t\t\t<\/div>\n\t\t\t\t<\/div>\n\t\t\t\t\t\t<\/div>\n\t\t\t\t\t<\/div>\n\t\t<\/div>\n\t\t\t\t\t\t\t\t<\/div>\n\t\t\t\t\t<\/div>\n\t\t<\/section>\n\t\t\t\t\t\t<\/div>\n\t\t\t\t\t<\/div>\n\t\t<\/section>\n\t\t\t\t<div class=\"elementor-column elementor-col-50 elementor-top-column elementor-element elementor-element-f450b53\" data-id=\"f450b53\" data-element_type=\"column\">\n\t\t\t<div class=\"elementor-column-wrap elementor-element-populated\">\n\t\t\t\t\t\t\t<div class=\"elementor-widget-wrap\">\n\t\t\t\t\t\t<section class=\"elementor-section elementor-inner-section elementor-element elementor-element-e9308b8 elementor-section-boxed elementor-section-height-default elementor-section-height-default parallax_section_no qode_elementor_container_no\" data-id=\"e9308b8\" data-element_type=\"section\">\n\t\t\t\t\t\t<div class=\"elementor-container elementor-column-gap-default\">\n\t\t\t\t\t\t\t<div class=\"elementor-row\">\n\t\t\t\t\t<div class=\"elementor-column elementor-col-100 elementor-inner-column elementor-element elementor-element-b4ab5cb\" data-id=\"b4ab5cb\" data-element_type=\"column\">\n\t\t\t<div class=\"elementor-column-wrap elementor-element-populated\">\n\t\t\t\t\t\t\t<div class=\"elementor-widget-wrap\">\n\t\t\t\t\t\t<div class=\"elementor-element elementor-element-4e8d816 elementor-widget elementor-widget-html\" data-id=\"4e8d816\" data-element_type=\"widget\" data-widget_type=\"html.default\">\n\t\t\t\t<div class=\"elementor-widget-container\">\n\t\t\t<div id=\"mc_embed_shell\">\r\n      <link href=\"\/\/cdn-images.mailchimp.com\/embedcode\/classic-061523.css\" rel=\"stylesheet\" type=\"text\/css\">\r\n  <style type=\"text\/css\">\r\n        #mc_embed_signup{background:#fff; false;clear:left; font:14px Helvetica,Arial,sans-serif;}\r\n        \/* Add your own Mailchimp form style overrides in your site stylesheet or in this style block.\r\n           We recommend moving this block and the preceding CSS link to the HEAD of your HTML file. *\/\r\n<\/style>\r\n<div id=\"mc_embed_signup\">\r\n    <form action=\"https:\/\/macmillaneducation.us13.list-manage.com\/subscribe\/post?u=ae5f63190e34fe9bdd15c6913&amp;id=471380acaf&amp;f_id=00b766e1f0\" method=\"post\" id=\"mc-embedded-subscribe-form\" name=\"mc-embedded-subscribe-form\" class=\"validate\" target=\"_blank\">\r\n            <div class=\"indicates-required\"><span class=\"asterisk\">*<\/span> indicates required<\/div>\r\n            <div class=\"mc-field-group\"><label for=\"mce-FNAME\">Nombre <span class=\"asterisk\">*<\/span><\/label><input type=\"text\" name=\"FNAME\" class=\"required text\" id=\"mce-FNAME\" required=\"\" value=\"\"><\/div><div class=\"mc-field-group\"><label for=\"mce-LNAME\">Apellido <span class=\"asterisk\">*<\/span><\/label><input type=\"text\" name=\"LNAME\" class=\"required text\" id=\"mce-LNAME\" required=\"\" value=\"\"><\/div><div class=\"mc-field-group\"><label for=\"mce-EMAIL\">Email Address <span class=\"asterisk\">*<\/span><\/label><input type=\"email\" name=\"EMAIL\" class=\"required email\" id=\"mce-EMAIL\" required=\"\" value=\"\"><\/div><div class=\"mc-field-group\"><label for=\"mce-MMERGE9\">M\u00f3vil <span class=\"asterisk\">*<\/span><\/label><input type=\"text\" name=\"MMERGE9\" class=\"required text\" id=\"mce-MMERGE9\" required=\"\" value=\"\"><\/div><div class=\"mc-field-group input-group\"><strong>\u00bfVas a impartir Sostenibilidad? <span class=\"asterisk\">*<\/span><\/strong><ul><li><input type=\"radio\" name=\"MMERGE13\" id=\"mce-MMERGE130\" value=\"S\u00ed\"><label for=\"mce-MMERGE130\">S\u00ed<\/label><\/li><li><input type=\"radio\" name=\"MMERGE13\" id=\"mce-MMERGE131\" value=\"No\"><label for=\"mce-MMERGE131\">No<\/label><\/li><\/ul><\/div><div class=\"mc-field-group\"><label for=\"mce-MMERGE10\">Centro Educativo <span class=\"asterisk\">*<\/span><\/label><input type=\"text\" name=\"MMERGE10\" class=\"required text\" id=\"mce-MMERGE10\" required=\"\" value=\"\"><\/div><div class=\"mc-field-group\"><label for=\"mce-MMERGE7\">Poblaci\u00f3n <span class=\"asterisk\">*<\/span><\/label><input type=\"text\" name=\"MMERGE7\" class=\"required text\" id=\"mce-MMERGE7\" required=\"\" value=\"\"><\/div><div class=\"mc-field-group\"><label for=\"mce-MMERGE11\">Comunidad Aut\u00f3noma <span class=\"asterisk\">*<\/span><\/label><input type=\"text\" name=\"MMERGE11\" class=\"required text\" id=\"mce-MMERGE11\" required=\"\" value=\"\"><\/div><div class=\"mc-field-group\"><label for=\"mce-MMERGE8\">C\u00f3digo Postal <span class=\"asterisk\">*<\/span><\/label><input type=\"text\" name=\"MMERGE8\" class=\"required text\" id=\"mce-MMERGE8\" required=\"\" value=\"\"><\/div><div class=\"mc-field-group\"><label for=\"mce-MMERGE12\">Editorial utilizada en Sostenibilidad <span class=\"asterisk\">*<\/span><\/label><input type=\"text\" name=\"MMERGE12\" class=\"required text\" id=\"mce-MMERGE12\" required=\"\" value=\"\"><\/div>\r\n<div hidden=\"\"><input type=\"hidden\" name=\"tags\" value=\"4395860\"><\/div>\r\n        <div id=\"mce-responses\" class=\"clear\">\r\n            <div class=\"response\" id=\"mce-error-response\" style=\"display: none;\"><\/div>\r\n            <div class=\"response\" id=\"mce-success-response\" style=\"display: none;\"><\/div>\r\n        <\/div><div aria-hidden=\"true\" style=\"position: absolute; left: -5000px;\"><input type=\"text\" name=\"b_ae5f63190e34fe9bdd15c6913_471380acaf\" tabindex=\"-1\" value=\"\"><\/div><div class=\"clear\"><input type=\"submit\" name=\"subscribe\" id=\"mc-embedded-subscribe\" class=\"button\" value=\"Descargar los Recursos\"><\/div>\r\n    <\/div>\r\n<\/form>\r\n<\/div>\r\n<script type=\"text\/javascript\" src=\"\/\/s3.amazonaws.com\/downloads.mailchimp.com\/js\/mc-validate.js\"><\/script><script type=\"text\/javascript\">(function($) {window.fnames = new Array(); window.ftypes = new Array();fnames[1]='FNAME';ftypes[1]='text';fnames[2]='LNAME';ftypes[2]='text';fnames[0]='EMAIL';ftypes[0]='email';fnames[9]='MMERGE9';ftypes[9]='text';fnames[13]='MMERGE13';ftypes[13]='radio';fnames[10]='MMERGE10';ftypes[10]='text';fnames[7]='MMERGE7';ftypes[7]='text';fnames[11]='MMERGE11';ftypes[11]='text';fnames[8]='MMERGE8';ftypes[8]='text';fnames[12]='MMERGE12';ftypes[12]='text';fnames[3]='DIRECCIN';ftypes[3]='address';fnames[4]='PHONE';ftypes[4]='phone';fnames[5]='MMERGE5';ftypes[5]='dropdown';fnames[6]='MMERGE6';ftypes[6]='text';fnames[14]='MMERGE14';ftypes[14]='radio';}(jQuery));var $mcj = jQuery.noConflict(true);<\/script><\/div>\r\n\t\t<\/div>\n\t\t\t\t<\/div>\n\t\t\t\t\t\t<\/div>\n\t\t\t\t\t<\/div>\n\t\t<\/div>\n\t\t\t\t\t\t\t\t<\/div>\n\t\t\t\t\t<\/div>\n\t\t<\/section>\n\t\t\t\t\t\t<\/div>\n\t\t\t\t\t<\/div>\n\t\t<\/div>\n\t\t\t\t\t\t\t\t<\/div>\n\t\t\t\t\t<\/div>\n\t\t<\/section>\n\t\t\t\t<section class=\"elementor-section elementor-top-section elementor-element elementor-element-eea71bd elementor-section-boxed elementor-section-height-default elementor-section-height-default parallax_section_no qode_elementor_container_no\" data-id=\"eea71bd\" data-element_type=\"section\">\n\t\t\t\t\t\t<div class=\"elementor-container elementor-column-gap-default\">\n\t\t\t\t\t\t\t<div class=\"elementor-row\">\n\t\t\t\t\t<div class=\"elementor-column elementor-col-100 elementor-top-column elementor-element elementor-element-ba5a256\" data-id=\"ba5a256\" data-element_type=\"column\">\n\t\t\t<div class=\"elementor-column-wrap elementor-element-populated\">\n\t\t\t\t\t\t\t<div class=\"elementor-widget-wrap\">\n\t\t\t\t\t\t<div class=\"elementor-element elementor-element-df5edfe elementor-widget elementor-widget-spacer\" data-id=\"df5edfe\" data-element_type=\"widget\" data-widget_type=\"spacer.default\">\n\t\t\t\t<div class=\"elementor-widget-container\">\n\t\t\t\t\t<div class=\"elementor-spacer\">\n\t\t\t<div class=\"elementor-spacer-inner\"><\/div>\n\t\t<\/div>\n\t\t\t\t<\/div>\n\t\t\t\t<\/div>\n\t\t\t\t\t\t<\/div>\n\t\t\t\t\t<\/div>\n\t\t<\/div>\n\t\t\t\t\t\t\t\t<\/div>\n\t\t\t\t\t<\/div>\n\t\t<\/section>\n\t\t\t\t\t\t<\/div>\n\t\t\t\t\t\t<\/div>\n\t\t\t\t\t<\/div>\n\t\t","protected":false},"excerpt":{"rendered":"<p>\u00bfEres profe de sostenibilidad? \u00a1Esto te interesa! Transforma la ense\u00f1anza de la sostenibilidad en tu centro educativo con este m\u00f3dulo \u00fanico que pone en pr\u00e1ctica los conceptos de manera real y cercana al alumnado, inspir\u00e1ndoles a convertirse en\u00a0 verdaderos agentes de cambio. Descarga una muestra&#8230;<\/p>\n","protected":false},"author":1,"featured_media":59139,"parent":0,"menu_order":0,"comment_status":"closed","ping_status":"closed","template":"full_width.php","meta":[],"_links":{"self":[{"href":"https:\/\/www.macmillaneducation.es\/iberia\/wp-json\/wp\/v2\/pages\/59137"}],"collection":[{"href":"https:\/\/www.macmillaneducation.es\/iberia\/wp-json\/wp\/v2\/pages"}],"about":[{"href":"https:\/\/www.macmillaneducation.es\/iberia\/wp-json\/wp\/v2\/types\/page"}],"author":[{"embeddable":true,"href":"https:\/\/www.macmillaneducation.es\/iberia\/wp-json\/wp\/v2\/users\/1"}],"replies":[{"embeddable":true,"href":"https:\/\/www.macmillaneducation.es\/iberia\/wp-json\/wp\/v2\/comments?post=59137"}],"version-history":[{"count":171,"href":"https:\/\/www.macmillaneducation.es\/iberia\/wp-json\/wp\/v2\/pages\/59137\/revisions"}],"predecessor-version":[{"id":60268,"href":"https:\/\/www.macmillaneducation.es\/iberia\/wp-json\/wp\/v2\/pages\/59137\/revisions\/60268"}],"wp:featuredmedia":[{"embeddable":true,"href":"https:\/\/www.macmillaneducation.es\/iberia\/wp-json\/wp\/v2\/media\/59139"}],"wp:attachment":[{"href":"https:\/\/www.macmillaneducation.es\/iberia\/wp-json\/wp\/v2\/media?parent=59137"}],"curies":[{"name":"wp","href":"https:\/\/api.w.org\/{rel}","templated":true}]}}